 factor of 2859039?
False
Is 314 a factor of 65624?
False
Is 729 a factor of 2719899?
True
Does 5 divide 483065?
True
Is 1007269 a multiple of 18?
False
Does 89 divide 73073?
False
Is 69 a factor of 801217?
False
Does 449 divide 366384?
True
Does 35 divide 75355?
True
Is 44 a factor of 4807924?
True
Does 34 divide 182376?
True
Does 12 divide 13853647?
False
Is 220 a factor of 92180?
True
Is 63794 a multiple of 286?
False
Is 29397 a multiple of 5?
False
Is 379288 a multiple of 283?
False
Is 16740 a multiple of 12?
True
Is 97784 a multiple of 68?
True
Is 3 a factor of 12358?
False
Is 42000 a multiple of 40?
True
Does 5 divide 140065?
True
Does 15 divide 511155?
True
Is 269790 a multiple of 23?
True
Is 18 a factor of 376269?
False
Is 12663118 a multiple of 283?
True
Does 25 divide 60900?
True
Does 92 divide 128832?
False
Is 9270 a multiple of 90?
True
Is 94592 a multiple of 16?
True
Is 32 a factor of 3256329?
False
Does 225 divide 5698506?
False
Is 2 a factor of 16714?
True
Is 408 a factor of 114648?
True
Does 172 divide 9893196?
False
Is 369892 a multiple of 31?
True
Does 351 divide 775?
False
Does 109 divide 205574?
True
Is 3 a factor of 1191538?
False
Is 374 a factor of 463760?
True
Does 97 divide 2826924?
False
Is 10225488 a multiple of 28?
True
Does 141 divide 2200164?
True
Does 91 divide 60164?
False
Is 124022 a multiple of 3?
False
Is 5360232 a multiple of 173?
True
Is 56706 a multiple of 26?
True
Does 1153 divide 5092671?
False
Does 170 divide 1969922?
False
Is 66 a factor of 349577?
False
Does 71 divide 324473?
False
Does 24 divide 365112?
True
Is 930140 a multiple of 23?
False
Does 505 divide 885159?
False
Is 46101 a multiple of 21?
False
Does 28 divide 3732596?
True
Does 9 divide 1651023?
True
Is 8 a factor of 289231?
False
Is 11078925 a multiple of 1033?
True
Is 69 a factor of 477734?
False
Does 339 divide 9604209?
True
Does 70 divide 116137?
False
Is 37670 a multiple of 2?
True
Is 87 a factor of 890271?
True
Does 865 divide 3079752?
False
Does 14 divide 602303?
False
Does 3 divide 11519?
False
Is 356 a factor of 1140538?
False
Does 13 divide 4267207?
False
Does 12 divide 1648616?
False
Does 216 divide 850446?
False
Is 166665 a multiple of 631?
False
Is 12563527 a multiple of 210?
False
Is 201 a factor of 47804?
False
Is 353064 a multiple of 24?
True
Is 166 a factor of 74202?
True
Is 3698200 a multiple of 451?
True
Is 1183060 a multiple of 31?
False
Is 31097510 a multiple of 1592?
False
Is 349 a factor of 432757?
False
Does 20 divide 3719960?
True
Is 197 a factor of 13078173?
False
Does 10 divide 22076?
False
Does 820 divide 5524786?
False
Does 5 divide 4486290?
True
Is 37 a factor of 64826?
False
Is 129 a factor of 291024?
True
Does 14 divide 81117?
False
Is 245 a factor of 865450?
False
Is 14603 a multiple of 15?
False
Is 35 a factor of 2810500?
True
Is 62 a factor of 154070?
True
Does 10 divide 731893?
False
Is 666365 a multiple of 24?
False
Is 44 a factor of 22072?
False
Is 411 a factor of 374430?
False
Does 151 divide 236186?
False
Does 107 divide 1247369?
False
Does 733 divide 5392681?
True
Does 352 divide 65472?
True
Is 4423050 a multiple of 150?
True
Is 120 a factor of 346320?
True
Does 961 divide 5379678?
True
Is 301 a factor of 626490?
False
Is 29600 a multiple of 20?
True
Is 11 a factor of 365222?
True
Is 55 a factor of 101999?
False
Is 109816 a multiple of 28?
True
Does 2 divide 156216?
True
Is 5125164 a multiple of 242?
False
Does 9 divide 792814?
False
Is 776013 a multiple of 363?
False
Does 8 divide 4482896?
True
Is 6 a factor of 4644170?
False
Is 1954675 a multiple of 151?
False
Does 29 divide 696029?
True
Does 3 divide 311856?
True
Is 53 a factor of 295687?
True
Is 14949770 a multiple of 38?
True
Is 270 a factor of 8544928?
False
Does 80 divide 212186?
False
Is 6 a factor of 54620?
False
Is 10050 a multiple of 150?
True
Is 16 a factor of 51875?
False
Is 3322713 a multiple of 26?
False
Is 1132 a factor of 4151364?
False
Does 36 divide 9144?
True
Does 182 divide 166492?
False
Is 70 a factor of 34177?
False
Does 489 divide 1520301?
True
Is 909 a factor of 12631696?
False
Is 352680 a multiple of 120?
True
Does 4 divide 9189?
False
Is 83387 a multiple of 193?
False
Is 153058 a multiple of 14?
False
Does 6 divide 834276?
True
Is 8 a factor of 3182725?
False
Is 9 a factor of 3957609?
False
Does 5 divide 151356?
False
Is 7 a factor of 3013428?
False
Is 108 a factor of 81648?
True
Is 89217 a multiple of 9?
True
Is 9 a factor of 245980?
False
Does 64 divide 1079692?
False
Is 31 a factor of 101029?
True
Does 49 divide 2576755?
False
Is 23 a factor of 644925?
False
Is 695640 a multiple of 8?
True
Is 48735 a multiple of 95?
True
Does 57 divide 1207089?
True
Is 2957541 a multiple of 9?
False
Does 5 divide 72447?
False
Is 40 a factor of 20920?
True
Does 81 divide 356481?
True
Is 4818300 a multiple of 47?
False
Is 136 a factor of 1090176?
True
Is 22490136 a multiple of 632?
False
Does 637 divide 12603682?
True
Is 456795 a multiple of 45?
True
Is 12906450 a multiple of 867?
False
Is 1633447 a multiple of 390?
False
Does 24 divide 135048?
True
Is 413998 a multiple of 74?
False
Does 18 divide 1985449?
False
Is 49 a factor of 3024574?
True
Does 3 divide 91312?
False
Is 119 a factor of 312970?
True
Does 356 divide 1192600?
True
Is 405 a factor of 4846197?
False
Is 924238 a multiple of 98?
True
Is 37 a factor of 1861618?
True
Is 194 a factor of 3662301?
False
Does 44 divide 3364724?
True
Is 4474316 a multiple of 275?
False
Is 228776 a multiple of 65?
False
Does 206 divide 11383656?
False
Does 922 divide 13598998?
False
Is 31 a factor of 12186?
False
Is 2661002 a multiple of 281?
False
Does 496 divide 245024?
True
Does 4 divide 73096?
True
Is 479 a factor of 338174?
True
Does 2 divide 85170?
True
Does 9 divide 742695?
False
Does 162 divide 699876?
False
Is 1945152 a multiple of 704?
True
Is 200028 a multiple of 27?
False
Is 31831 a multiple of 77?
False
Is 20 a factor of 1561120?
True
Is 39115 a multiple of 6?
False
Does 16 divide 750484?
False
Is 195685 a multiple of 187?
False
Is 110379 a multiple of 25?
False
Is 598 a factor of 9568751?
False
Does 25 divide 4867400?
True
Is 17 a factor of 757231?
True
Is 4 a factor of 32932?
True
Is 16 a factor of 635440?
True
Is 361924 a multiple of 19?
False
Is 5587034 a multiple of 889?
False
Does 10 divide 113313?
False
Does 10 divide 1957729?
False
Does 422 divide 7205194?
False
Is 143 a factor of 639717?
False
Does 72 divide 516773?
False
Is 34 a factor of 1399451?
False
Is 10 a factor of 1024907?
False
Is 730734 a multiple of 73?
False
Is 49 a factor of 396263?
True
Is 1487442 a multiple of 372?
False
Is 352 a factor of 144511?
False
Is 1809652 a multiple of 13?
True
Is 83 a factor of 836900?
False
Is 31500 a multiple of 84?
True
Does 229 divide 308005?
True
Does 67 divide 92159?
False
Is 11459936 a multiple of 244?
False
Is 939503 a multiple of 359?
True
Is 42 a factor of 5804904?
True
Is 583 a factor of 441181?
False
Is 279239 a multiple of 171?
False
Is 401 a factor of 7419302?
True
Is 8797564 a multiple of 20?
False
Does 135 divide 2047302?
False
Is 287 a factor of 81605?
False
Is 10737313 a multiple of 2135?
False
Is 676265 a multiple of 2?
False
Is 56226 a multiple of 12?
False
Does 187 divide 15708?
True
Is 70 a factor of 438340?
True
Does 15 divide 2208727?
False
Does 4 divide 3052?
True
Is 563 a factor of 11410884?
True
Does 6 divide 573635?
False
Does 109 divide 2271233?
True
Is 11 a factor of 27786?
True
Does 205 divide 51834?
False
Is 4 a factor of 7892?
True
Is 4939816 a multiple of 453?
False
Is 26 a factor of 309642?
False
Is 8 a factor of 16530755?
False
Does 62 divide 611495?
False
Does 249 divide 2429493?
True
Does 342 divide 189563?
False
Is 237968 a multiple of 401?
False
Is 1959906 a multiple of 26?
True
Is 12364942 a multiple of 82?
False
Is 5089917 a multiple of 7?
True
Does 8 divide 15687498?
False
Does 37 divide 778850?
True
Is 3 a factor of 30852?
True
Is 45 a factor of 4218525?
True
Is 3097278 a multiple of 27?
True
Does 2 divide 2734559?
False
Is 87 a factor of 418905?
True
Is 105 a factor of 6507313?
False
Is 67 a factor of 2243157?
False
Does 16 divide 549024?
True
Is 6 a factor of 284749?
False
Is 863188 a multiple of 9?
False
Is 16 a factor of 283088?
True
Is 1